nvert e5 (base 16) to base 15.
104
What is 7 (base 8) in base 4?
13
What is -25 (base 6) in base 8?
-21
Convert -47 (base 12) to base 14.
-3d
-9 (base 11) to base 8
-11
What is 3 (base 6) in base 7?
3
What is 5 (base 13) in base 10?
5
-112 (base 3) to base 6
-22
Convert -11 (base 7) to base 16.
-8
What is -6 (base 16) in base 8?
-6
-15 (base 12) to base 11
-16
What is 1 (base 9) in base 3?
1
What is 9 (base 16) in base 3?
100
Convert -40 (base 8) to base 16.
-20
What is 12 (base 4) in base 16?
6
Convert 1 (base 13) to base 16.
1
What is 1 (base 3) in base 16?
1
Convert b (base 12) to base 11.
10
53 (base 9) to base 13
39
-1000 (base 3) to base 11
-25
Convert -4 (base 15) to base 3.
-11
Convert 19 (base 12) to base 9.
23
Convert 1213 (base 4) to base 14.
75
Convert -1010 (base 2) to base 9.
-11
What is 3 (base 6) in base 2?
11
Convert 12 (base 3) to base 12.
5
Convert 4 (base 11) to base 10.
4
64 (base 7) to base 11
42
Convert 1b9 (base 12) to base 4.
10131
Convert 199 (base 11) to base 5.
1404
What is 1 (base 3) in base 13?
1
Convert 1 (base 8) to base 10.
1
Convert 77 (base 8) to base 9.
70
What is 11 (base 13) in base 7?
20
Convert -a (base 15) to base 3.
-101
11111 (base 3) to base 6
321
What is 29 (base 13) in base 15?
25
What is 7e (base 16) in base 13?
99
Convert 10100100 (base 2) to base 7.
323
Convert -72 (base 10) to base 6.
-200
What is 0 (base 12) in base 5?
0
What is -20 (base 9) in base 8?
-22
Convert -4 (base 11) to base 2.
-100
What is 100 (base 3) in base 8?
11
-121 (base 4) to base 16
-19
What is 0 (base 3) in base 6?
0
What is -6a (base 13) in base 8?
-130
Convert -3 (base 8) to base 9.
-3
3 (base 11) to base 3
10
Convert 3 (base 4) to base 11.
3
Convert 10a (base 15) to base 4.
3223
-3 (base 8) to base 10
-3
Convert 6d (base 16) to base 15.
74
-5 (base 13) to base 12
-5
Convert 1322 (base 4) to base 5.
442
Convert -1 (base 16) to base 6.
-1
-1000 (base 2) to base 13
-8
What is -2 (base 4) in base 7?
-2
Convert 201 (base 3) to base 5.
34
Convert 4 (base 5) to base 12.
4
Convert -2 (base 10) to base 9.
-2
Convert -33 (base 8) to base 2.
-11011
Convert -20 (base 3) to base 16.
-6
a0 (base 12) to base 6
320
What is 2 (base 6) in base 15?
2
Convert -63 (base 12) to base 13.
-5a
5 (base 9) to base 4
11
What is -110 (base 2) in base 9?
-6
What is -b6 (base 13) in base 14?
-a9
What is f (base 16) in base 12?
13
10 (base 3) to base 6
3
Convert 2 (base 15) to base 10.
2
0 (base 13) to base 2
0
466 (base 8) to base 12
21a
Convert 26 (base 8) to base 16.
16
Convert -121 (base 5) to base 15.
-26
What is 4 (base 6) in base 13?
4
What is c9 (base 13) in base 16?
a5
Convert 3 (base 6) to base 5.
3
101111 (base 2) to base 10
47
What is -3 (base 15) in base 5?
-3
Convert -5 (base 15) to base 8.
-5
What is 10 (base 9) in base 15?
9
What is 112 (base 6) in base 16?
2c
Convert -11 (base 15) to base 11.
-15
-11 (base 6) to base 8
-7
What is 7 (base 11) in base 3?
21
273 (base 11) to base 10
322
What is 0 (base 16) in base 6?
0
Convert 20 (base 3) to base 12.
6
-20 (base 5) to base 8
-12
Convert -115 (base 6) to base 14.
-35
What is -22 (base 5) in base 7?
-15
-2 (base 14) to base 5
-2
Convert 22 (base 12) to base 3.
222
Convert -4 (base 6) to base 14.
-4
Convert -1c (base 14) to base 3.
-222
Convert -230 (base 7) to base 6.
-315
What is -11 (base 16) in base 13?
-14
101 (base 9) to base 13
64
What is 1222 (base 3) in base 10?
53
Convert -11 (base 3) to base 8.
-4
What is -b2 (base 12) in base 6?
-342
4 (base 9) to base 8
4
What is -344 (base 5) in base 7?
-201
12 (base 9) to base 10
11
Convert -212 (base 4) to base 9.
-42
2211 (base 3) to base 4
1030
-2 (base 10) to base 3
-2
211 (base 4) to base 5
122
Convert 190 (base 10) to base 6.
514
What is -2 (base 10) in base 4?
-2
Convert 1 (base 13) to base 15.
1
Convert 1b (base 14) to base 4.
121
What is 7 (base 10) in base 7?
10
What is 5 (base 10) in base 4?
11
What is -1 (base 10) in base 6?
-1
What is 101 (base 2) in base 11?
5
What is 4 (base 14) in base 9?
4
Convert -26 (base 7) to base 13.
-17
Convert 7 (base 12) to base 13.
7
What is 6 (base 15) in base 9?
6
Convert 5 (base 8) to base 13.
5
Convert -1212 (base 3) to base 5.
-200
-5 (base 9) to base 14
-5
11 (base 2) to base 13
3
Convert -18 (base 11) to base 3.
-201
Convert 233 (base 5) to base 3.
2112
What is -44 (base 8) in base 10?
-36
0 (base 4) to base 12
0
Convert 14 (base 13) to base 11.
16
What is -21 (base 3) in base 9?
-7
Convert -6 (base 7) to base 3.
-20
What is -10201 (base 3) in base 15?
-6a
Convert -41 (base 13) to base 6.
-125
-125 (base 6) to base 11
-49
What is 175 (base 8) in base 10?
125
What is -36 (base 9) in base 10?
-33
What is -11 (base 2) in base 14?
-3
What is 3 (base 6) in base 7?
3
-44 (base 5) to base 6
-40
Convert -18 (base 10) to base 6.
-30
What is -3 (base 5) in base 11?
-3
What is 0 (base 7) in base 9?
0
Convert 2 (base 10) to base 3.
2
Convert 10 (base 7) to base 8.
7
-1023 (base 4) to base 11
-69
-1012 (base 4) to base 5
-240
What is -158 (base 10) in base 9?
-185
What is 0 (base 16) in base 11?
0
What is 1232 (base 5) in base 9?
233
What is -65 (base 16) in base 10?
-101
What is -160 (base 10) in base 15?
-aa
Convert -5 (base 15) to base 13.
-5
Convert 10 (base 5) to base 8.
5
Convert -2 (base 6) to base 10.
-2
What is 2012 (base 3) in base 2?
111011
Convert 6 (base 15) to base 9.
6
What is -6 (base 13) in base 14?
-6
10 (base 11) to base 14
b
What is -3 (base 8) in base 12?
-3
What is -5 (base 6) in base 8?
-5
6 (base 12) to base 3
20
Convert 27 (base 13) to base 7.
45
What is -29 (base 12) in base 4?
-201
Convert -14 (base 13) to base 7.
-23
-101 (base 3) to base 15
-a
-4 (base 12) to base 4
-10
Convert 1 (base 2) to base 9.
1
12 (base 3) to base 6
5
Convert -37 (base 15) to base 4.
-310
Convert -213 (base 6) to base 7.
-144
Convert -20 (base 3) to base 2.
-110
What is -18 (base 15) in base 6?
-35
What is -4 (base 7) in base 5?
-4
What is 3 (base 9) in base 8?
3
-101001 (base 3) to base 2
-100001111
35 (base 8) to base 9
32
Convert 23 (base 4) to base 14.
b
-3 (base 9) to base 7
-3
4 (base 15) to base 9
4
What is 31 (base 6) in base 3?
201
-420 (base 6) to base 9
-183
-6 (base 7) to base 5
-11
What is -420 (base 6) in base 9?
-183
What is -36 (base 12) in base 15?
-2c
1 (base 7) to base 2
1
-2 (base 13) to base 15
-2
What is -4 (base 6) in base 16?
-4
46 (base 8) to base 13
2c
What is -7 (base 8) in base 12?
-7
-202 (base 3) to base 15
-15
What is 2 (base 13) in base 7?
2
-68 (base 15) to base 10
-98
Convert -10 (base 14) to base 7.
-20
Convert 7 (base 13) to base 9.
7
-2 (base 14) to base 10
-2
-2 (base 14) to base 2
-10
b (base 16) to base 7
14
Convert -5 (base 10) to base 12.
-5
Convert -2 (base 5) to base 3.
-2
What is -20 (base 14) in base 10?
-28
What is 7 (base 15) in base 2?
111
What is 2 (base 6) in base 15?
2
What is -200 (base 5) in base 15?
-35
-20 (base 16) to base 11
-2a
22 (base 4) to base 3
101
30 (base 4) to base 8
14
-10 (base 5) to base 16
-5
Convert -122 (base 5) to base 8.
-45
Convert 0 (base 10) to base 15.
0
What is 2 (base 4) in base 2?
10
1 (base 2) to base 11
1
Convert 21 (base 3) to base 14.
7
2 (base 4) to base 13
2
Convert 10 (base 6) to base 10.
6
What is 3 (base 10) in base 16?
3
What is 11 (base 13) in base 4?
32
What is -101 (base 2) in base 4?
-11
What is 0 (base 14) in base 13?
0
What is -58 (base 10) in base 7?
-112
Convert 1 (base 7) to base 12.
1
320 (base 4) to base 13
44
What is 8 (base 14) in base 16?
8
Convert -11 (base 7) to base 14.
-8
What is -21 (base 8) in base 5?
-32
Convert 0 (base 16) to base 11.
0
-8 (base 14) to base 7
-11
What is 2 (base 16) in base 13?
2
What is -6 (base 9) in base 6?
-10
6 (base 7) to base 2
110
42 (base 5) to base 7
31
Convert 4 (base 10) to base 13.
4
0 (base 7) to base 14
0
Convert -1021 (base 4) to base 2.
-1001001
Convert 0 (base 13) to base 6.
0
Convert -22 (base 5) to base 14.
-c
Convert -1 (base 13) to base 3.
-1
Convert 11 (base 5) to base 10.
6
1 (base 16) to base 11
1
What is 24 (base 5) in base 16?
e
131 (base 4) to base 15
1e
What is 0 (base 8) in base 6?
0
332 (base 4) to base 14
46
1 (base 5) to base 14
1
Convert -9 (base 12) to base 5.
-14
Convert 0 (base 11) to base 7.
0
410 (base 6) to base 12
106
Convert -c (b